tor of 1503?
True
Is 18 a factor of 1134?
True
Is 3048 a multiple of 128?
False
Does 36 divide 2234?
False
Does 64 divide 1677?
False
Is 8 a factor of 776?
True
Is 33434 a multiple of 205?
False
Does 25 divide 3013?
False
Does 149 divide 2658?
False
Does 81 divide 765?
False
Does 14 divide 4511?
False
Is 500 a multiple of 25?
True
Is 252 a multiple of 2?
True
Is 39 a factor of 10920?
True
Is 65604 a multiple of 14?
True
Is 400 a multiple of 16?
True
Does 160 divide 44360?
False
Is 8 a factor of 712?
True
Is 17 a factor of 46622?
False
Does 82 divide 14792?
False
Is 122 a factor of 17753?
False
Does 4 divide 564?
True
Is 42 a factor of 50093?
False
Does 173 divide 5100?
False
Is 47 a factor of 9178?
False
Does 132 divide 3865?
False
Is 9595 a multiple of 57?
False
Does 28 divide 5880?
True
Is 50 a factor of 22650?
True
Is 33 a factor of 1271?
False
Does 21 divide 30954?
True
Is 80 a multiple of 12?
False
Is 7 a factor of 364?
True
Does 13 divide 98358?
True
Is 15 a factor of 4924?
False
Does 7 divide 610?
False
Is 46 a multiple of 2?
True
Is 12936 a multiple of 66?
True
Is 3445 a multiple of 59?
False
Is 32 a factor of 475?
False
Does 13 divide 5135?
True
Does 41 divide 1066?
True
Does 65 divide 644?
False
Is 4006 a multiple of 23?
False
Is 22 a factor of 1009?
False
Is 2270 a multiple of 10?
True
Is 16 a factor of 86386?
False
Is 46 a factor of 37720?
True
Does 12 divide 6005?
False
Is 1370 a multiple of 13?
False
Does 46 divide 92?
True
Is 14 a factor of 28?
True
Is 12597 a multiple of 4?
False
Is 340 a multiple of 20?
True
Is 122 a multiple of 4?
False
Is 26 a factor of 78?
True
Is 102 a multiple of 3?
True
Is 25 a factor of 1075?
True
Does 33 divide 973?
False
Is 28 a factor of 106?
False
Does 271 divide 21387?
False
Is 13 a factor of 5421?
True
Is 17 a factor of 22763?
True
Does 44 divide 3388?
True
Does 105 divide 1913?
False
Is 208 a multiple of 3?
False
Does 16 divide 87184?
True
Does 102 divide 4582?
False
Is 23 a factor of 883?
False
Is 171 a factor of 7524?
True
Is 21 a factor of 5315?
False
Does 110 divide 50049?
False
Is 8 a factor of 36?
False
Is 27 a factor of 1304?
False
Does 6 divide 40946?
False
Does 7 divide 2485?
True
Does 3 divide 164?
False
Is 106 a multiple of 2?
True
Is 15912 a multiple of 26?
True
Is 43 a factor of 395?
False
Does 43 divide 561?
False
Is 968 a multiple of 8?
True
Does 11 divide 86?
False
Is 33 a factor of 1156?
False
Does 11 divide 15466?
True
Is 30 a factor of 1560?
True
Is 2897 a multiple of 25?
False
Is 9 a factor of 171?
True
Is 7308 a multiple of 58?
True
Does 5 divide 233?
False
Does 14 divide 1504?
False
Is 271 a multiple of 23?
False
Is 5 a factor of 364?
False
Is 171 a factor of 20178?
True
Is 1568 a multiple of 32?
True
Is 14532 a multiple of 25?
False
Is 13 a factor of 234?
True
Is 147 a factor of 31458?
True
Does 12 divide 64?
False
Is 474 a multiple of 5?
False
Does 43 divide 10492?
True
Is 5 a factor of 385?
True
Does 7 divide 1834?
True
Is 25 a factor of 1075?
True
Is 41509 a multiple of 31?
True
Is 122 a factor of 33916?
True
Is 1082 a multiple of 35?
False
Is 15 a factor of 1215?
True
Is 351 a multiple of 53?
False
Is 8 a factor of 28232?
True
Is 103 a factor of 6809?
False
Does 11 divide 1650?
True
Is 306 a multiple of 3?
True
Does 14 divide 17839?
False
Is 35 a factor of 7420?
True
Is 34 a factor of 1564?
True
Is 6 a factor of 1122?
True
Is 1092 a multiple of 6?
True
Is 3528 a multiple of 24?
True
Is 11 a factor of 781?
True
Is 1860 a multiple of 10?
True
Is 24 a factor of 1624?
False
Does 20 divide 8442?
False
Does 3 divide 340?
False
Is 36 a factor of 694?
False
Does 11 divide 1881?
True
Does 15 divide 556?
False
Does 42 divide 964?
False
Is 4496 a multiple of 26?
False
Does 10 divide 3410?
True
Does 19 divide 1089?
False
Is 3 a factor of 7081?
False
Is 7 a factor of 1988?
True
Does 49 divide 9408?
True
Is 48960 a multiple of 10?
True
Is 2687 a multiple of 13?
False
Is 54 a factor of 1242?
True
Is 3331 a multiple of 126?
False
Does 4 divide 216?
True
Is 140306 a multiple of 62?
True
Is 99 a multiple of 33?
True
Is 1564 a multiple of 12?
False
Is 3 a factor of 7638?
True
Is 35 a factor of 105?
True
Does 340 divide 9110?
False
Is 7 a factor of 115560?
False
Is 50 a factor of 669?
False
Does 45 divide 135?
True
Is 13 a factor of 897?
True
Does 13 divide 13?
True
Is 3080 a multiple of 7?
True
Is 1777 a multiple of 82?
False
Is 6 a factor of 534?
True
Is 10 a factor of 75087?
False
Is 504 a multiple of 28?
True
Is 293 a factor of 19045?
True
Is 131 a multiple of 4?
False
Does 3 divide 486?
True
Is 18929 a multiple of 8?
False
Is 120 a multiple of 10?
True
Is 1403 a multiple of 24?
False
Is 2025 a multiple of 81?
True
Does 38 divide 1194?
False
Is 15 a factor of 436?
False
Is 10 a factor of 387?
False
Is 27 a factor of 1539?
True
Is 681 a multiple of 12?
False
Is 24465 a multiple of 88?
False
Does 65 divide 3965?
True
Does 13 divide 1014?
True
Is 1809 a multiple of 27?
True
Does 22 divide 19272?
True
Is 72 a factor of 251?
False
Is 30 a factor of 570?
True
Is 8 a factor of 1072?
True
Does 28 divide 3409?
False
Is 6 a factor of 2025?
False
Is 20 a factor of 18880?
True
Does 7 divide 368?
False
Does 25 divide 637?
False
Does 59 divide 29618?
True
Does 7 divide 12621?
True
Is 130 a factor of 33641?
False
Does 14 divide 7742?
True
Is 9 a factor of 727?
False
Does 10 divide 101?
False
Is 14360 a multiple of 42?
False
Does 34 divide 1580?
False
Is 75 a factor of 375?
True
Does 43 divide 4340?
False
Does 62 divide 598?
False
Is 343 a multiple of 7?
True
Does 61 divide 147?
False
Is 6 a factor of 20203?
False
Does 35 divide 383?
False
Is 6 a factor of 28?
False
Is 175 a multiple of 25?
True
Does 23 divide 2139?
True
Does 28 divide 165?
False
Does 3 divide 518?
False
Is 562 a multiple of 80?
False
Does 106 divide 35192?
True
Does 11 divide 26609?
True
Is 688 a multiple of 16?
True
Does 40 divide 17798?
False
Is 24778 a multiple of 17?
False
Does 53 divide 1272?
True
Is 666 a multiple of 9?
True
Is 9288 a multiple of 108?
True
Is 5781 a multiple of 141?
True
Does 151 divide 44078?
False
Is 14 a factor of 5768?
True
Does 10 divide 2170?
True
Is 308 a multiple of 22?
True
Is 94 a factor of 3459?
False
Does 12 divide 1728?
True
Is 64 a factor of 5575?
False
Does 36 divide 1800?
True
Is 10 a factor of 1572?
False
Does 2 divide 10?
True
Is 22 a factor of 3564?
True
Is 410 even?
True
Is 1425 a multiple of 83?
False
Is 123 a multiple of 5?
False
Does 17 divide 1990?
False
Is 216 a factor of 31636?
False
Does 14 divide 3526?
False
Does 2 divide 1423?
False
Is 19 a factor of 1481?
False
Is 2413 a multiple of 9?
False
Is 400 a multiple of 16?
True
Is 9 a factor of 576?
True
Does 9 divide 63242?
False
Is 4740 a multiple of 11?
False
Does 7 divide 32277?
True
Is 588 a multiple of 49?
True
Does 42 divide 1386?
True
Is 2710 a multiple of 29?
False
Is 6770 a multiple of 4?
False
Does 121 divide 4641?
False
Is 3726 a multiple of 27?
True
Is 32 a factor of 11925?
False
Does 45 divide 990?
True
Is 1581 a multiple of 35?
False
Is 816 a multiple of 24?
True
Does 75 divide 7189?
False
Is 69 a factor of 97?
False
Is 1177 a multiple of 24?
False
Does 7 divide 6608?
True
Does 63 divide 74?
False
Is 9 a factor of 10710?
True
Is 49 a factor of 34790?
True
Is 597 a multiple of 5?
False
Does 13 divide 427?
False
Is 19 a factor of 1016?
False
Is 6492 a multiple of 23?
False
Does 14 divide 770?
True
Is 1009 a multiple of 35?
False
Does 66 divide 10758?
True
Is 14 a factor of 14307?
False
Is 17136 a multiple of 18?
True
Does 16 divide 496?
True
Is 1696 a multiple of 23?
False
Is 1092 a multiple of 12?
True
Is 190 a factor of 14820?
True
Does 57 divide 6391?
False
Does 60 divide 4380?
True
Does 13 divide 585?
True
Is 70872 a multiple of 24?
True
Is 101221 a multiple of 27?
False
Does 12 divide 1572?
True
Is 1190 a multiple of 35?
True
Is 90 a multiple of 6?
True
Is 12831 a multiple of 21?
True
Is 36 a factor of 26856?
True
Does 126 divide 3501?
False
Does 19 divide 19627?
True
Is 28 a multiple of 2?
True
Is 1565 a multiple of 87?
False
Does 11 divide 161?
False
Does 10 divide 56089?
False
Is 14 a factor of 1635?
False
Is 5580 a multiple of 90?
True
Is 138 a factor of 10981?
False
Is 10 a factor of 15543?
False
Is 1221 a mult